494 = 5*q. Let n = 284 + b. Calculate the greatest common factor of n and 11.
11
Suppose -3*n = -6*n + 6. Calculate the greatest common divisor of 18 and n.
2
Let b(n) = 73*n**2 - 2*n - 1. Let o be b(-2). Suppose -2 = 5*g - 27, 0 = -5*i + g + o. What is the greatest common divisor of i and 6?
6
Let q be -1 + -1 + 0 + 6. Let s = q + -2. Suppose -4*f - 21 = -5*n + 136, s*n + 4*f = 74. What is the highest common divisor of n and 11?
11
Let d(a) = a**3 - 6*a**2 + a - 4. Let p be d(7). What is the greatest common factor of 130 and p?
26
Let t be 24/(4/(-32)*-3). Calculate the highest common factor of t and 48.
16
Let d be 24/10 + 6/(-15). Suppose -3*w = -8 + d. Let y be (1/w)/((-4)/(-88)). What is the greatest common factor of 88 and y?
11
Suppose 4*a = -0*w - 3*w + 28, 5*w - 7 = -a. Calculate the greatest common factor of a and 7.
7
Let w = -101 - -102. Calculate the highest common factor of 8 and w.
1
Let s(v) = 59*v - 2. Let a be s(4). Let z be ((-4)/6)/((-3)/a). Calculate the greatest common divisor of 13 and z.
13
Let m(i) = i**3 - 4*i**2 + 3*i - 2. Let j be (-10*2/(-4))/(-1). Let c be m(j). Let q = -146 - c. What is the greatest common divisor of 12 and q?
12
Let h be (-5)/(-10)*(-26 - 0). Let g = 20 + h. What is the greatest common divisor of g and 7?
7
Let s(o) = o**2 + 7*o - 1. Let b be s(-10). Calculate the greatest common divisor of b and 319.
29
Let x = 27 - -36. Suppose p + 2*p = 21. Calculate the highest common divisor of p and x.
7
Let v = 8 - 5. Let i(a) = 6*a - 2. Let m be i(v). Suppose -8*c - 18 = -402. Calculate the highest common factor of m and c.
16
Suppose 0 = z + z + 5*t - 19, -z + 2*t + 32 = 0. Suppose 0*k - 4*k = -r - z, -3*r - 1 = k. Calculate the highest common divisor of 1 and k.
1
Let o = 3 + -3. Suppose 5*x = o, -b - b + 22 = -x. Calculate the greatest common divisor of b and 11.
11
Suppose 2*z + 46 = -4*d, 0 = 2*z + z + 3*d + 54. Let l be (-2 - -1)/((-1)/34). Let m = z + l. Calculate the greatest common divisor of m and 3.
3
Suppose -v + 30 = 2*s + 3*s, 3*v - 5*s - 30 = 0. Let x = 67 - -14. Let f = 24 + x. Calculate the greatest common factor of v and f.
15
Let i = -98 + 130. What is the greatest common factor of i and 352?
32
Let k = 161 + -53. Suppose -5*j - 117 = -c, 0*c + 4*c + 107 = -5*j. Let m = j - -35. Calculate the greatest common factor of m and k.
12
Suppose 0*h = -h. Let u = 6 + -4. Let m = h + u. What is the highest common factor of m and 10?
2
Suppose 0*t - 6 = -2*t + 5*a, -4*t - 10 = a. Let k = 3 - t. Suppose -k*o + 3 = -77. Calculate the greatest common divisor of 16 and o.
16
Let j(o) = o**2 - 2*o. Let u = -7 + 11. Let a be j(u). Calculate the highest common factor of a and 32.
8
Suppose -15*h - 234 = -13*h. Let i = h + 205. What is the highest common factor of i and 11?
11
Let j = 83 - -125. What is the highest common factor of j and 16?
16
Let j(h) = -53*h**3 - h**2 + h + 1. Suppose 2*f = 7*f + 5. Let m be j(f). What is the greatest common factor of 13 and m?
13
Suppose 0 = 3*z - 2*j - 17, 5*z = 3*z - 2*j + 8. Calculate the highest common divisor of z and 25.
5
Let x = 83 + -67. Calculate the highest common factor of 4 and x.
4
Let x(m) = -6*m + 3*m - 9 + 13*m - 2*m**2. Let d be x(6). Let n = -3 - d. Calculate the highest common factor of 12 and n.
6
Let h(u) = 2*u + 25. Let i be h(0). Suppose 4*r + v - 99 = -0*r, i = -5*v. What is the greatest common divisor of r and 39?
13
Suppose -4*v + 36 = -8. Suppose 7 + 5 = 3*r. Suppose 5*l = -5*c + 600, 64 = r*l - 2*c - 422. What is the greatest common factor of l and v?
11
Let d(z) = 5 + 3*z - 2 + 2*z**2 + 1 - z**2. Let f be d(-3). What is the greatest common divisor of f and 10?
2
Let m be (1/(-4) + 1)/(1/48). What is the highest common factor of 72 and m?
36
Suppose 0*t - 8 = -4*t. Suppose t*c = -o + 20, 4*o + 4*c = -0 + 68. What is the greatest common divisor of o and 154?
14
Suppose 4*t - 12 = t. Suppose -t*m + 318 = -222. Calculate the highest common divisor of m and 15.
15
Let i(o) = -o**3 + 7*o**2 - 7*o + 5. Let f be i(5). Suppose -r + 140 = -0*r. Calculate the greatest common divisor of r and f.
20
Suppose a - 38 = -3*v, -a = -2*v - 2 + 24. Calculate the greatest common divisor of v and 24.
12
Suppose 7*i - 4*i = 27. Suppose i = -3*k + 48. Suppose -g + 2*z = -33 - 8, -5*g - 4*z = -191. What is the greatest common factor of g and k?
13
Let w be 1/(-3) + (-74)/(-6). Calculate the greatest common factor of 24 and w.
12
Suppose 0 = 2*g - 4*g - 86. Let r = g + 63. Let c(n) = -4*n**3 - 2*n**2 - 3*n. Let m be c(-2). What is the highest common divisor of r and m?
10
Let g = -37 + 22. Let y be (6/g)/((-1)/35). Calculate the highest common divisor of y and 14.
14
Let a be (-30)/(-40) - 50/(-8). What is the greatest common factor of 77 and a?
7
Let d be ((-2)/3)/(7/(-126)). Suppose 0*r = -3*r + d. Suppose r*k = n + 96, -3*n + 11 = 3*k - 2*k. What is the greatest common divisor of k and 92?
23
Suppose -b - 4*b = 0. Suppose -2*n = -4*d + 110, b = 2*d - 5*d - 5*n + 63. Calculate the greatest common factor of 13 and d.
13
Let r = -2 - -5. Suppose r*d + 1195 = 8*d. Suppose d = 4*f - 101. What is the highest common factor of f and 17?
17
Let n = 7 - 5. Let d be (-46)/(-14) - n/7. Let g be (16/20)/((-4)/(-90)). What is the greatest common divisor of d and g?
3
Let m be (-2)/(-9) - 817/(-9). What is the highest common divisor of m and 13?
13
Let z = 9 - -2. Let k = z - 10. Calculate the greatest common divisor of k and 10.
1
Suppose 0 = u + 3*u - p - 570, 0 = -u - 3*p + 149. Calculate the greatest common factor of 13 and u.
13
Let l = -18 + 21. Suppose 4*f - f + 5 = -4*h, -2*h - 2*f - 4 = 0. What is the greatest common factor of l and h?
1
Let w(u) = 4*u. Let f be w(6). Calculate the highest common divisor of f and 6.
6
Suppose 2*j - 6*j - 344 = 0. Let c = j - -154. Calculate the highest common divisor of c and 17.
17
Suppose -9 = -2*c - c. Let m(t) = t**3 - 3*t**2 + 2. Let r be m(c). Suppose r*a = 4, -z - z + 26 = -2*a. What is the greatest common divisor of z and 3?
3
Suppose -2*m - 4*h = 0, -3*h + 10 = 25. Suppose 4*p - m - 2 = 0. Calculate the highest common divisor of p and 12.
3
Let j(y) = y**3 - y. Let t be j(0). Suppose -l = -2 - t. Let n be 3 - (-1)/l*2. What is the greatest common divisor of 2 and n?
2
Let z(t) = -t**2 - 14*t - 18. Let r be z(-10). What is the greatest common factor of 242 and r?
22
Let o be 326/3 - 1/(-3). Let l(w) = -7*w**2 - 2*w + 3. Let z be l(2). Let q = z + o. Calculate the greatest common factor of 10 and q.
10
Let p(j) be the first derivative of 0*j + 2 + 1/3*j**3 + 0*j**2. Let b be p(4). Calculate the greatest common divisor of b and 160.
16
Let a(q) = -q**2 - 5*q - 6. Let g be a(-6). Let i be 11/(22/g + 2). What is the highest common divisor of 22 and i?
22
Let j(q) = -14*q**3 - 2*q**2 - q. Let x be j(-1). Let w = x + -7. Calculate the highest common divisor of w and 18.
6
Let d be 541/5 + (-2)/10. Calculate the greatest common divisor of 27 and d.
27
Let x be ((-16)/12)/((-2)/3). Suppose 5*v - 26 = 2*d, -7*d + x*d = -10. What is the greatest common divisor of 54 and v?
6
Let s(q) = -q**2 - 7*q + 3. Let w be s(-7). Let c be w + (-2 - -6)/2. What is the greatest common factor of 15 and c?
5
Let j(x) = x**3 - 5*x**2 - x - 8. Let v be j(6). Suppose 132 = -0*b - b. Let r be (-1 - 0)*b/6. Calculate the greatest common factor of v and r.
22
Let s = 7 - 4. Suppose 3*a + 16 + 2 = 0. Let c(z) = -z**2 - 6*z + 3. Let g be c(a). Calculate the greatest common divisor of g and s.
3
Let r be 6*(12/(-9))/(-2). Let m(l) = l - 6. Let p be m(6). Suppose -r*u + 36 = -p*u. Calculate the greatest common divisor of 45 and u.
9
Let y be -22*(3/(-2) + 1 + -1). What is the highest common divisor of y and 132?
33
Let w = -21 + -79. Let b be ((-4)/5)/(2/w). Calculate the greatest common factor of b and 8.
8
Let h(k) = -k**2 + 2*k - 3. Suppose 4*n - 8 = 2*n. Let i be h(n). Let d be 2/i + 632/88. What is the greatest common factor of d and 14?
7
Let m = 3 - -3. Suppose m = j + 2*j, 35 = 5*q + 5*j. Calculate the highest common divisor of q and 40.
5
Suppose -5*g + 11 - 6 = 0. Calculate the greatest common factor of g and 2.
1
Suppose -5*c + 95 = -345. What is the greatest common factor of c and 11?
11
Let l(k) = -3*k + 3. Suppose -4 = -2*y + 4*a + 2, 2*a =